 divided by 26?
23
What is the remainder when 816 is divided by 88?
24
Calculate the remainder when 1304 is divided by 48.
8
Calculate the remainder when 1979 is divided by 64.
59
Calculate the remainder when 31 is divided by 20.
11
Calculate the remainder when 52477 is divided by 164.
161
Calculate the remainder when 4162 is divided by 134.
8
Calculate the remainder when 702 is divided by 140.
2
Calculate the remainder when 336 is divided by 26.
24
Calculate the remainder when 24 is divided by 2.
0
What is the remainder when 637 is divided by 40?
37
What is the remainder when 282 is divided by 32?
26
Calculate the remainder when 150 is divided by 22.
18
What is the remainder when 106 is divided by 35?
1
Calculate the remainder when 756 is divided by 70.
56
What is the remainder when 1536 is divided by 54?
24
What is the remainder when 512 is divided by 9?
8
What is the remainder when 251 is divided by 162?
89
What is the remainder when 2128 is divided by 32?
16
Calculate the remainder when 25797 is divided by 25.
22
Calculate the remainder when 119 is divided by 10.
9
What is the remainder when 8072 is divided by 27?
26
What is the remainder when 1124 is divided by 87?
80
Calculate the remainder when 53 is divided by 41.
12
Calculate the remainder when 5014 is divided by 88.
86
What is the remainder when 3350 is divided by 13?
9
Calculate the remainder when 304 is divided by 77.
73
Calculate the remainder when 97 is divided by 2.
1
What is the remainder when 3714 is divided by 59?
56
What is the remainder when 321 is divided by 14?
13
What is the remainder when 99 is divided by 10?
9
What is the remainder when 669 is divided by 24?
21
What is the remainder when 333 is divided by 85?
78
What is the remainder when 126 is divided by 74?
52
What is the remainder when 810 is divided by 400?
10
Calculate the remainder when 72 is divided by 4.
0
What is the remainder when 227 is divided by 116?
111
Calculate the remainder when 138 is divided by 55.
28
Calculate the remainder when 1234 is divided by 65.
64
Calculate the remainder when 3107 is divided by 51.
47
Calculate the remainder when 605 is divided by 32.
29
Calculate the remainder when 1064 is divided by 283.
215
What is the remainder when 89 is divided by 45?
44
Calculate the remainder when 156 is divided by 130.
26
Calculate the remainder when 160 is divided by 64.
32
Calculate the remainder when 4912 is divided by 4911.
1
What is the remainder when 453 is divided by 46?
39
What is the remainder when 489 is divided by 101?
85
Calculate the remainder when 123 is divided by 29.
7
Calculate the remainder when 87 is divided by 37.
13
What is the remainder when 2466 is divided by 91?
9
Calculate the remainder when 368 is divided by 110.
38
Calculate the remainder when 372 is divided by 34.
32
Calculate the remainder when 329 is divided by 63.
14
Calculate the remainder when 24792 is divided by 253.
251
What is the remainder when 5925 is divided by 247?
244
Calculate the remainder when 3841 is divided by 226.
225
What is the remainder when 482 is divided by 46?
22
What is the remainder when 61 is divided by 31?
30
What is the remainder when 346 is divided by 25?
21
What is the remainder when 115 is divided by 26?
11
What is the remainder when 181 is divided by 71?
39
Calculate the remainder when 21 is divided by 14.
7
What is the remainder when 1148 is divided by 50?
48
Calculate the remainder when 239 is divided by 24.
23
Calculate the remainder when 3211 is divided by 22.
21
What is the remainder when 265 is divided by 67?
64
Calculate the remainder when 117 is divided by 31.
24
Calculate the remainder when 89 is divided by 33.
23
Calculate the remainder when 11169 is divided by 228.
225
Calculate the remainder when 299 is divided by 94.
17
What is the remainder when 581 is divided by 140?
21
What is the remainder when 3055 is divided by 17?
12
Calculate the remainder when 1000 is divided by 127.
111
What is the remainder when 397 is divided by 229?
168
Calculate the remainder when 178 is divided by 5.
3
What is the remainder when 15928 is divided by 118?
116
Calculate the remainder when 316 is divided by 38.
12
What is the remainder when 1554 is divided by 77?
14
What is the remainder when 511 is divided by 32?
31
What is the remainder when 539 is divided by 12?
11
What is the remainder when 135 is divided by 23?
20
What is the remainder when 388 is divided by 64?
4
What is the remainder when 50 is divided by 36?
14
Calculate the remainder when 657 is divided by 50.
7
Calculate the remainder when 201 is divided by 44.
25
Calculate the remainder when 79 is divided by 2.
1
What is the remainder when 37220 is divided by 44?
40
What is the remainder when 2310 is divided by 106?
84
What is the remainder when 29 is divided by 12?
5
Calculate the remainder when 4416 is divided by 69.
0
Calculate the remainder when 64 is divided by 61.
3
What is the remainder when 2959 is divided by 128?
15
Calculate the remainder when 332 is divided by 86.
74
Calculate the remainder when 219 is divided by 75.
69
What is the remainder when 504 is divided by 143?
75
What is the remainder when 7124 is divided by 14?
12
What is the remainder when 61 is divided by 55?
6
What is the remainder when 1849 is divided by 103?
98
What is the remainder when 302 is divided by 38?
36
What is the remainder when 2724 is divided by 50?
24
Calculate the remainder when 20 is divided by 20.
0
What is the remainder when 155 is divided by 11?
1
Calculate the remainder when 85 is divided by 60.
25
Calculate the remainder when 57 is divided by 10.
7
What is the remainder when 94 is divided by 12?
10
What is the remainder when 917 is divided by 34?
33
Calculate the remainder when 507 is divided by 170.
167
What is the remainder when 86 is divided by 4?
2
Calculate the remainder when 959 is divided by 405.
149
Calculate the remainder when 10496 is divided by 50.
46
Calculate the remainder when 27 is divided by 5.
2
What is the remainder when 330 is divided by 37?
34
What is the remainder when 1215 is divided by 61?
56
What is the remainder when 3959 is divided by 66?
65
Calculate the remainder when 99 is divided by 21.
15
What is the remainder when 37 is divided by 5?
2
What is the remainder when 214 is divided by 18?
16
Calculate the remainder when 77 is divided by 6.
5
What is the remainder when 102 is divided by 22?
14
Calculate the remainder when 597 is divided by 106.
67
What is the remainder when 1808 is divided by 85?
23
What is the remainder when 2259 is divided by 20?
19
What is the remainder when 5375 is divided by 163?
159
Calculate the remainder when 5376 is divided by 207.
201
What is the remainder when 169 is divided by 4?
1
Calculate the remainder when 182 is divided by 92.
90
Calculate the remainder when 312 is divided by 63.
60
Calculate the remainder when 116 is divided by 48.
20
Calculate the remainder when 413 is divided by 4.
1
What is the remainder when 302 is divided by 184?
118
What is the remainder when 417 is divided by 11?
10
Calculate the remainder when 57 is divided by 5.
2
Calculate the remainder when 419 is divided by 34.
11
Calculate the remainder when 445 is divided by 4.
1
What is the remainder when 921 is divided by 159?
126
Calculate the remainder when 545 is divided by 68.
1
What is the remainder when 13 is divided by 5?
3
Calculate the remainder when 1294 is divided by 18.
16
What is the remainder when 17 is divided by 13?
4
Calculate the remainder when 246 is divided by 107.
32
Calculate the remainder when 46 is divided by 7.
4
Calculate the remainder when 48640 is divided by 22.
20
Calculate the remainder when 3750 is divided by 66.
54
Calculate the remainder when 354 is divided by 209.
145
Calculate the remainder when 461 is divided by 116.
113
What is the remainder when 89 is divided by 9?
8
What is the remainder when 18 is divided by 10?
8
Calculate the remainder when 375 is divided by 14.
11
What is the remainder when 118 is divided by 64?
54
What is the remainder when 6039 is divided by 151?
150
Calculate the remainder when 3117 is divided by 38.
1
What is the remainder when 958 is divided by 14?
6
Calculate the remainder when 24946 is divided by 126.
124
Calculate the remainder when 290 is divid